ime number?
True
Is 18333355153 a composite number?
True
Is 34374076001 composite?
True
Is 26249492393 a composite number?
True
Is 2352767567 a prime number?
True
Is 50619492509 prime?
True
Is 812678189 a composite number?
True
Is 583418545 a composite number?
True
Is 123221341 a prime number?
True
Is 64301972207 composite?
True
Is 11525332541 prime?
True
Is 102208955707 prime?
False
Is 63322451 composite?
False
Is 17146086263 a prime number?
False
Is 4445337937 a prime number?
False
Is 1574684417 a composite number?
True
Is 11410236131 prime?
False
Is 699838271 a composite number?
True
Is 2391756641 a composite number?
True
Is 3505911547 a composite number?
True
Is 7515153749 a prime number?
True
Is 14818443433 composite?
True
Is 15534877207 a prime number?
False
Is 66503597 prime?
False
Is 69979541629 a composite number?
False
Is 132602507767 composite?
True
Is 24900331 a composite number?
True
Is 21766982515 a prime number?
False
Is 1113268669 a prime number?
True
Is 5042356391 a prime number?
True
Is 80229280289 a composite number?
False
Is 1957274461 prime?
True
Is 2497827203 prime?
False
Is 64360093 prime?
False
Is 7165316243 a prime number?
True
Is 121297516381 prime?
True
Is 72110553643 composite?
True
Is 36442896491 prime?
True
Is 5072448349 a prime number?
False
Is 261304788883 a prime number?
True
Is 7917369377 a prime number?
True
Is 740366327 a prime number?
True
Is 2025756521 prime?
True
Is 18989992009 composite?
True
Is 765209297 prime?
True
Is 42565748579 composite?
False
Is 624956711 prime?
False
Is 496334383 a prime number?
False
Is 1878866497 a composite number?
False
Is 1256203499 a composite number?
False
Is 289317751 composite?
True
Is 297266999 composite?
False
Is 1145031971 composite?
True
Is 79735921 prime?
True
Is 1444341413 a prime number?
True
Is 621518893 a composite number?
False
Is 6709879361 a prime number?
True
Is 3580328467 a prime number?
True
Is 246894500641 a composite number?
False
Is 581784803 a composite number?
True
Is 743557819 a composite number?
True
Is 2948899589 a composite number?
False
Is 6755458393 composite?
False
Is 12470812223 composite?
True
Is 1275673537 a composite number?
False
Is 890591059 composite?
False
Is 16714610149 prime?
False
Is 670190567 composite?
False
Is 174827309 prime?
True
Is 6825688601 prime?
True
Is 25355994505 a composite number?
True
Is 65915357 composite?
True
Is 190603669 prime?
False
Is 11587202273 a composite number?
True
Is 5069975921 a prime number?
False
Is 6751463533 a composite number?
False
Is 1830609007 composite?
True
Is 83837947 a composite number?
True
Is 33899886577 a composite number?
True
Is 160539317 prime?
True
Is 5995254757 a composite number?
True
Is 2078530343 composite?
False
Is 1902535373 prime?
True
Is 11433505709 a prime number?
False
Is 287581447 a prime number?
False
Is 97036921609 prime?
False
Is 209625061519 a composite number?
False
Is 73393602791 a prime number?
True
Is 36521724613 composite?
True
Is 189028809199 prime?
False
Is 1577916733 composite?
False
Is 453037753133 a composite number?
True
Is 1046104327 composite?
True
Is 20830809653 prime?
True
Is 242696821 a composite number?
True
Is 7847329 prime?
False
Is 48219353447 a prime number?
False
Is 277997831 a composite number?
False
Is 225672355 a composite number?
True
Is 320264178973 a composite number?
False
Is 1428264391 prime?
True
Is 5911635361 a composite number?
True
Is 1863343117 prime?
True
Is 4228581179 a prime number?
True
Is 16841794537 a composite number?
False
Is 130797830587 a prime number?
False
Is 1220282209 a composite number?
False
Is 1741160251 composite?
True
Is 3742759927 prime?
True
Is 2737772431 a prime number?
True
Is 20449143229 composite?
False
Is 105483007621 prime?
False
Is 56725573423 a composite number?
True
Is 7909993409 composite?
True
Is 13505507 a prime number?
True
Is 9495736433 prime?
True
Is 4870813067 a prime number?
True
Is 111928469 a prime number?
False
Is 1789610269 a composite number?
False
Is 8183508409 a composite number?
True
Is 33027899269 a prime number?
True
Is 28127248949 a prime number?
True
Is 22609806619 a composite number?
True
Is 12802053127 a prime number?
True
Is 51300371 prime?
True
Is 1992140069 a composite number?
False
Is 416058817 a composite number?
True
Is 38203657 a prime number?
True
Is 5692826879 prime?
True
Is 9157708303 composite?
False
Is 43896825523 composite?
True
Is 1490674603 prime?
False
Is 1756035669 a prime number?
False
Is 451668601 prime?
True
Is 1188062921 a composite number?
False
Is 6196898663 a prime number?
False
Is 16556006787 prime?
False
Is 303852387 composite?
True
Is 21547688501 composite?
False
Is 1536351899 prime?
True
Is 2393680253 a composite number?
False
Is 42311491601 composite?
False
Is 480064489 prime?
True
Is 2073596489 prime?
False
Is 16389379273 a prime number?
True
Is 608220334 a prime number?
False
Is 3364166291 a composite number?
True
Is 184343299 a prime number?
False
Is 1594474523 composite?
True
Is 173149319 prime?
False
Is 45583723 prime?
False
Is 73590667823 prime?
True
Is 169175101 a prime number?
False
Is 48684359333 prime?
True
Is 31281036803 composite?
False
Is 6518077691 composite?
False
Is 4987392829 a prime number?
True
Is 735125117 composite?
False
Is 582130201 composite?
True
Is 5307419189 prime?
True
Is 536184491 prime?
True
Is 2583925913 a composite number?
True
Is 73361433 prime?
False
Is 290102231 a composite number?
True
Is 3221723503 a prime number?
True
Is 6547925873 prime?
True
Is 6798098009 composite?
True
Is 65806756607 prime?
True
Is 1037320689 prime?
False
Is 234726409 prime?
False
Is 8130977123 prime?
True
Is 212246557 prime?
True
Is 80737227719 composite?
True
Is 244624302847 a prime number?
False
Is 15106283 prime?
True
Is 4353295643 a composite number?
True
Is 46658144791 prime?
False
Is 123800071 a prime number?
False
Is 476516263 composite?
False
Is 540681667 a composite number?
False
Is 26292788321 a composite number?
True
Is 2782863883 composite?
True
Is 681359281 a prime number?
True
Is 1096860857 composite?
True
Is 72115871 prime?
True
Is 1952982571 composite?
True
Is 6076666759 a prime number?
False
Is 80020959143 composite?
False
Is 10747273501 prime?
True
Is 363889027 a prime number?
False
Is 8075427853 prime?
False
Is 10358042303 a prime number?
False
Is 2125271 prime?
False
Is 1654520543 prime?
False
Is 4102460543 a prime number?
True
Is 915825659 a composite number?
True
Is 2304074405 composite?
True
Is 572752979 composite?
False
Is 84742469534 a composite number?
True
Is 9345317327 prime?
False
Is 54190016263 a prime number?
True
Is 39616867733 prime?
True
Is 2206585067 a prime number?
True
Is 2052354571 prime?
True
Is 285136048487 a prime number?
True
Is 3381843937 composite?
False
Is 6424622527 a composite number?
False
Is 810449627 a composite number?
True
Is 154723 a composite number?
False
Is 2452601999 prime?
True
Is 15110185061 prime?
True
Is 2414698267 prime?
True
Is 9995790349 a prime number?
True
Is 8194988627 a composite number?
True
Is 10831589621 composite?
False
Is 1453112921 a composite number?
True
Is 1552253609 composite?
False
Is 61784237 a prime number?
False
Is 17950331913 a composite number?
True
Is 196096858366 composite?
True
Is 258610847 prime?
False
Is 4667794291 prime?
False
Is 794108297 prime?
False
Is 666480589 a composite number?
False
Is 6744495211 a prime number?
True
Is 713558897 a composite number?
False
Is 4953347033 prime?
True
Is 2537030533 prime?
True
Is 175205081453 prime?
False
Is 910937 composite?
True
Is 11796542137 a prime number?
False
Is 646201957 composite?
True
Is 1715243219 prime?
False
Is 251419647515 prime?
False
Is 7644545257 prime?
True
Is 13798787381 composite?
True
Is 7209573823 a prime number?
True
Is 412836901 a prime number?
False
Is 1367366263 prime?
False
Is 73504747 composite?
True
Is 1400637523 a prime number?
False
Is 4987185443 a composite number?
False
Is 170557410427 prime?
True
Is 26934696758 a prime number?
False
Is 1983355835 prime?
False
Is 3959679189 composite?
True
Is 5375373951 prime?
False
Is 40880866903 composite?
False
Is 1479753869 a prime number?
False
Is 310507453 a composite number?
False
Is 7286972837 a prime number?
False
Is 84266746349 a prime number?